8). Let g be v/4 - (-2 + (-55)/(-20)). Suppose g*b + 3*j - 144 = 0, -b + 0*b = -5*j - 59. List the prime factors of b.
3, 23
Let j(d) = d**3 - 18*d**2 + 13*d - 5*d**3 - d**3 + 3*d**3 + 23. List the prime factors of j(-11).
2, 7, 13
Let r(l) = -2412*l + 1854. What are the prime factors of r(-8)?
2, 3, 5, 47
Let h be 249/(2 + (-2)/(-3 + 5)). Let n be (16/(-12))/(2/h). Let w = 269 + n. List the prime factors of w.
103
Let u(k) = 2*k**2 + 2*k + 5. Let g = -13 + 17. Suppose 7*f + g*f + 66 = 0. What are the prime factors of u(f)?
5, 13
Let g(j) be the first derivative of 67*j**2/2 - 29*j + 125. What are the prime factors of g(4)?
239
Let c(z) = -45*z + 132. Let w be c(4). Let x = 603 - w. List the prime factors of x.
3, 7, 31
Let t(w) = -27*w**3 + 5*w**2 + 5*w + 1. Let h be t(-1). Suppose -h*x - 1104 = -32*x. List the prime factors of (x/(-10))/(-1) - (-32)/80.
2, 7
Suppose 4*k - 3*s = 2*k - 15, 3*k = 4*s - 20. Let n(y) = y**3 - 3*y + 544. List the prime factors of n(k).
2, 17
Let n be (-14)/(-4)*-2 + 362. What are the prime factors of 1 + n - (-42)/7?
2, 181
Suppose 35*b - 1380 = 32*b. Suppose -r = -4*s - 484, r - 2*r + b = 4*s. What are the prime factors of r?
2, 59
Let h = -25897 + 95609. List the prime factors of h.
2, 4357
Suppose 3*v + 3*y + 11 = -4, 1 = y. Let w(t) = -7*t - 20. Let f be w(v). Suppose -f - 28 = -j. List the prime factors of j.
2, 5
What are the prime factors of (21335/25)/(40/600)?
3, 17, 251
Let y(x) = 5*x**2 + 3*x + 2. Let n be y(-1). Suppose -3*o + 1068 = n*t, 0*t + 4*t - 4*o = 1096. List the prime factors of t.
2, 3, 5
Suppose -p - 128 = -1764. Suppose 11*w - 938 = p. List the prime factors of w.
2, 3, 13
Let t(w) = 5*w + 77. Let p be t(-19). Let l(r) = 3*r**3 + 55*r**2 - 9*r - 40. List the prime factors of l(p).
2, 223
Suppose -3*w + 2*r = -144539, -5*w + r - 80535 + 321424 = 0. List the prime factors of w.
3, 53, 101
Suppose 5*l + h - 82 = -229, 6 = 2*h. Let g = l + 140. What are the prime factors of g?
2, 5, 11
Suppose 10612 + 22460 = -39*m. Let k = 155 - m. List the prime factors of k.
17, 59
Suppose 0 = 94*l + 216*l - 1581930. What are the prime factors of l?
3, 7
Suppose -3*o + 4*h = -5179, 24*o - 20*o = 4*h + 6900. List the prime factors of o.
1721
Suppose 7*m + 5*f - 10 = 11*m, 0 = -4*m - 5*f + 10. Suppose 8*d - 3575 - 4625 = m. What are the prime factors of d?
5, 41
Let x = 251 - 239. List the prime factors of (-3)/x*-3 + (-1172)/(-16).
2, 37
Suppose 14 = s + 10. Suppose -2*m + 2*r + 902 + 810 = 0, s*m + 3*r - 3389 = 0. List the prime factors of m.
23, 37
Let g(o) = 678*o - 1828. What are the prime factors of g(7)?
2, 1459
Let p = -306 + 95. Let t = -25 - p. List the prime factors of t.
2, 3, 31
Let o = -450 - -986. Suppose 6*m = 1736 - o. What are the prime factors of m?
2, 5
Suppose 26*n - 110370 - 20358 = 0. What are the prime factors of n?
2, 3, 419
Suppose -211*p + 208*p - 2*c + 115121 = 0, 2*c = -2*p + 76742. List the prime factors of p.
3, 11, 1163
Let j(b) = -20*b + 486. Let o be j(24). Let t(y) = 25*y + 112. Let u(l) = -13*l - 56. Let g(s) = -2*t(s) - 5*u(s). What are the prime factors of g(o)?
2, 73
Let g(l) = -l**3 - l + 99 - 71 + 33 + 259 - l**2. List the prime factors of g(0).
2, 5
Let y = 3230 - -1. List the prime factors of y.
3, 359
Suppose -167*t + 129417 = -38*t - 42669. What are the prime factors of t?
2, 23, 29
Let w = -11435 + 16080. What are the prime factors of w?
5, 929
Let z = -478 - -672. Suppose -14*j = z - 964. List the prime factors of j.
5, 11
Let h = 95399 - 39525. What are the prime factors of h?
2, 7, 13, 307
Suppose 25*l - 6852 - 4398 = 0. What are the prime factors of 44404/30 - 60/l?
2, 5, 37
Suppose 4*a = -4*q + 2552 + 25272, -q + 6932 = -3*a. What are the prime factors of q?
2, 5, 139
Suppose 62*y - 60*y = 18. List the prime factors of (-5420)/(-6) - (261/(-27) + y).
2, 113
Let p = 10302 + -7054. What are the prime factors of p?
2, 7, 29
What are the prime factors of ((-12)/(-8))/((-38 - -33) + (-1091)/(-218))?
3, 109
Let i(j) = 23*j**2 + 16*j - 623. List the prime factors of i(16).
5521
Let r(i) = -i**2 - 39*i - 96. Let o be r(-27). Let d be (3/9)/(2/18). Suppose 4*f - o = -4*c, -4*c - 6*f + 227 = -d*f. List the prime factors of c.
2, 7
Suppose 116 + 774 = 5*w. Let u(o) = 24*o**2 - w + 2*o - 5*o + 183. List the prime factors of u(2).
5, 19
Suppose -d - 4 - 2 = -5*b, 2*b = d. Let o(p) = -21*p + 510. Let i be o(24). Suppose i = -3*a, 0*t = -d*t + 4*a + 168. List the prime factors of t.
2, 5
Suppose -33*n = 5*o - 38*n, o = -n + 6. Suppose 0 = o*v - 4*q - 887, -v - 2*q = v - 568. What are the prime factors of v?
17
Suppose -6*n = -3*n + 6*n. Suppose n = -i - i - 4, 5*v = -3*i - 6. Suppose 6*b + v*b = 222. List the prime factors of b.
37
Suppose -31*b + 38*b = 14007. Let o = b - 593. What are the prime factors of o?
2, 11
List the prime factors of 6/27 + 33496/9 + -3.
3719
Suppose 5*z + 5*x - 15 = 0, -12*z - 12 = -16*z - 5*x. Let h(g) = 155*g + 45. List the prime factors of h(z).
2, 3, 5, 17
Let x = 6849 - 2385. List the prime factors of x.
2, 3, 31
Let a = -70437 + 109127. What are the prime factors of a?
2, 5, 53, 73
Let v = -218 + 209. Let c(z) = 5*z**2 + 37. What are the prime factors of c(v)?
2, 13, 17
Suppose -465*k = -i - 470*k + 109, 4*k + 422 = 3*i. List the prime factors of i.
2, 67
Suppose -7*m + 8 = -3*m. Suppose m*o - 4 = 2, 3*y + o + 27 = 0. What are the prime factors of (y/(-4)*-1 + 3)*20?
2, 5
Let q(n) = -5*n + 101. Let v be q(14). What are the prime factors of 447 - (v/(-11) + 42/(-231))?
2, 3, 5
Suppose -8 - 8 = -2*f + 4*x, -4 = -3*f - 4*x. Let t be 2/2 + f/4. Suppose 37 = t*n - n. List the prime factors of n.
37
Let l = 9 + -6. Let p be 288/(-27) - (-2)/l. List the prime factors of 354/15*10*(-5)/p.
2, 59
Suppose 33697 = 12*n - 10*n - 3*m, 5*n = 2*m + 84259. What are the prime factors of n?
19, 887
Let w be (-8)/(-24) + (-9928)/(-6). Suppose x = 2*a + a - 986, 5*a - 4*x - w = 0. Let u = a + -182. List the prime factors of u.
5, 29
What are the prime factors of ((-594628)/(-488))/(1/2)?
2437
Suppose -3970*a + 69368 = -3957*a. List the prime factors of a.
2, 23, 29
Let f = 208 + 432. List the prime factors of f.
2, 5
Suppose -9*d = -7*d - 30. Suppose -3*p + d = -3*s, 0 = -3*p - s - 3*s + 1. Suppose 0 = 2*q + p*o - 2*o - 70, -2*o + 177 = 5*q. What are the prime factors of q?
37
Let b(w) = 417*w - 6764. List the prime factors of b(79).
47, 557
Suppose 0 = 492*k - 3494374 - 15243938. List the prime factors of k.
2, 137, 139
Suppose -13*r + 16*r = 0. Suppose -5*l + 5*m + 385 = 0, r*m = -2*l - 2*m + 138. What are the prime factors of l?
73
What are the prime factors of 31517201/(-5366)*(-7 + 0 + 1)?
3, 17, 691
Let j(g) = -g**2 + 4*g - 3. Let n be j(3). Let i(w) be the third derivative of -w**5/30 + w**4/6 + 21*w**3 - 1210*w**2 - w. List the prime factors of i(n).
2, 3, 7
Let j be 106/(-1 + 3) - (-12)/(-6). Suppose -43*l = -j*l + 816. List the prime factors of l.
2, 3, 17
Let x(t) = 32*t - 91. Suppose 5*i + r - 62 = 57, -4*i + 2*r + 98 = 0. List the prime factors of x(i).
677
Suppose 427113 - 53691 = 89*u - 1146609. List the prime factors of u.
3, 5693
Let p(h) = -12*h**3 + 7*h**2 - 10*h + 4. Let m(v) = 35*v**3 - 21*v**2 + 29*v - 12. Let s(b) = 4*m(b) + 11*p(b). What are the prime factors of s(3)?
167
Suppose -316803 - 467792 = -145*i. List the prime factors of i.
7, 773
Suppose 7408 - 1631 = d. Suppose -513 = -10*q + d. List the prime factors of q.
17, 37
Let k(a) = -182*a + 82. Let u be k(2). List the prime factors of (-3)/((-18)/(-57))*u/3.
19, 47
Suppose -4*j - j - 3*x = 965, -3*x = 15. Let h = j - -236. What are the prime factors of h?
2, 23
List the prime factors of (186345/12)/(240/320).
5, 41, 101
Suppose -k = 3*k - 3*k. Suppose -9*a + 36 = -k. Suppose 16 = -a*z + 96. What are the prime factors of z?
2, 5
Let o(n) = -135*n**3 - 11*n - 31. Let h be o(-5). Suppose 29361 + h = 36*b. What are the prime factors of b?
5, 257
Let h be 20/16 - 575/(-20). Let r(j) = 4*j - 16. List the prime factors of r(h).
2, 13
List the prime factors of -5 + 6 + 284330/5.
19, 41, 73
Suppose 4*c + 5*b + 223 = 0, 4*b - 20 = -16. List the prime factors of 418/(-3)*c/38.
11, 19
Let t = -92 + 102. Let f(p) = p**2 - p + 2. Let k be f(t). Suppose 51*a - k = 49*a. List the prime factors o